00 = 3*f. Calculate the remainder when f is divided by x.
24
Let q = 0 - -4. Suppose q*c = 6*c - 50. Let f(p) = 5*p - 2. Calculate the remainder when f(10) is divided by c.
23
Let w(g) = -7*g + 1. Let p be w(3). Let s be (1 - (p - -3)) + 3. Suppose s = b - 6. Calculate the remainder when b is divided by 10.
7
Let i(t) = t**3 - t + 51. Let o(f) = -f**2 - 4*f - 4. Let m be o(-2). Let n be i(m). Let v = -26 + n. What is the remainder when v is divided by 7?
4
Suppose 0 = -2*t - 6*t + 352. Calculate the remainder when 84 is divided by t.
40
Suppose -f + 11 + 42 = 3*o, 3*f + 4*o - 139 = 0. What is the remainder when 145 is divided by f?
22
Let b(a) = -a**3 - 8*a**2 - 3*a - 13. What is the remainder when 262 is divided by b(-8)?
9
Suppose -5*s = -8 - 37. Suppose -2*f = -f - k + s, 0 = 4*f + k + 21. Calculate the remainder when (-1 - -1 - f) + 3 is divided by 4.
1
Let o(n) = -19*n - 13. Let s be o(-12). Suppose -s = 5*v - 10*v. Calculate the remainder when v is divided by 16.
11
Suppose 0 = -6*f + 1481 - 59. What is the remainder when f is divided by 20?
17
Suppose 26*b = -164 + 8. Let c(p) = -p**3 + 3*p**2 + 5*p + 2. Let x be c(5). Let u = b - x. Calculate the remainder when u is divided by 5.
2
Suppose -35 = -2*g + 7*g. What is the remainder when (1*g)/((-8)/56) is divided by 13?
10
Let i = -52 - -113. Let n = i + -37. Suppose 0 = 2*u - 4*u + n. Calculate the remainder when 43 is divided by u.
7
Suppose 0 = -5*p - 2*z + 1434, z - 2*z - 1155 = -4*p. Suppose 5*v = v + p. Suppose v = -12*i + 16*i. Calculate the remainder when 69 is divided by i.
15
Let i(m) = m + 2. Let b be i(-2). Suppose -4*d + 4*s + s = -192, b = -2*d - 5*s + 96. What is the remainder when d is divided by 13/(10/(-5 + 15))?
9
Suppose 210*x + 1611 = 213*x. What is the remainder when x is divided by 49?
47
Let i(t) = 170*t + 1092. What is the remainder when 1508 is divided by i(-6)?
68
Suppose -115*q - 4864 = -119*q. What is the remainder when q is divided by 20?
16
Suppose -y + 194 = y. Let g = -62 + y. What is the remainder when g is divided by 12?
11
Let x = -12 + 10. What is the remainder when 46 - 0/(x + 3) is divided by 24?
22
Let d(b) = b**2 + 43*b + 31. Calculate the remainder when d(11) is divided by 15.
10
Suppose 1931 = 7*t - 820. Suppose -104 = -7*y + t. Calculate the remainder when y is divided by 37.
34
Suppose 65*v - 54*v = 253. What is the remainder when 1009 is divided by v?
20
Suppose 5*u = 36 + 49. Suppose 0 = 5*l + 5 - 0, -3*l - 198 = -3*z. Calculate the remainder when z is divided by u.
14
Let j be (14/(-3))/(3/(-9)). Suppose -j = -3*m + 19. Let v(g) = 4*g - 19. What is the remainder when 98 is divided by v(m)?
23
Let s(v) = -3*v + 14. Let p be s(5). Suppose o - 19 = -3. Calculate the remainder when o is divided by p + 0/2 + 7.
4
Suppose 38 = -3*q - 5*o, 32 = -4*q - 5*o + 3*o. What is the remainder when (-223)/q - (-1)/6*-1 is divided by 8?
5
What is the remainder when (5 + -4 - -1)*(69 - 5) is divided by 11?
7
Let i(y) = 28*y**2 + y - 2. Let x(k) = 29*k**2 - 1. Let q(o) = -2*i(o) + 3*x(o). Calculate the remainder when q(1) is divided by 17.
13
Suppose 374 - 119 = 3*z. Let l = z - -17. What is the remainder when l is divided by 35?
32
Let r = 122 - 77. What is the remainder when 9/r + 1108/10 is divided by 38?
35
Let k(j) = -8*j + 5. Let c be k(2). Let t = 26 + c. What is the remainder when t is divided by 7?
1
Let k = 145 - 130. What is the remainder when 194 is divided by k?
14
Let i(y) = -2*y - 17. Let u be i(-10). Suppose -u*c + 6 = -9. Suppose s = c*s - 44. What is the remainder when s is divided by 6?
5
Suppose -5*i - 33 = -6*i. Suppose -2*r - 4 = -22. What is the remainder when i is divided by r?
6
Let p(j) = -j**3 - 11*j**2 - 4*j - 17. Let b be p(-12). Suppose -4*v = 4*u - 200, -4*u + v + b = -0*v. What is the remainder when 129 is divided by u?
39
Let j(b) = -106*b - 54. What is the remainder when 219 is divided by j(-1)?
11
Let v be 70/98 + 2/7. Suppose 211 = 5*u + 3*k, u + 21 - 70 = -4*k. Calculate the remainder when u is divided by (-12 + 1)/(0 - v).
8
Let w = -6 + 6. Suppose -2*f + 4*a - 125 = -3*f, -2*a + 4 = w. Calculate the remainder when f is divided by (9/5)/(60/800).
21
Let f = -91 - -103. Suppose -f*t = -773 + 125. Calculate the remainder when t is divided by 11.
10
Let p(r) = 6*r**3 + 2*r**2 - r - 1. Let b be p(1). Suppose 0 = b*v - 3*v - 402. Calculate the remainder when v is divided by 34.
32
Let b = 482 - 341. Suppose -3*v + b = 2*p, 63 = -0*p + p + 3*v. What is the remainder when p is divided by 16?
14
Suppose 3*r - w - 69 = 0, 3*w - 46 = 14*r - 16*r. What is the remainder when 171 is divided by r?
10
Suppose -5*w + 74 = -3*u, -4*u - 26 = -2*w - u. Suppose 0*t = 4*t - w. Suppose -2*h + 44 = 2*h. What is the remainder when h is divided by t?
3
What is the remainder when -1 + (-1462)/(-18) - (-48)/(-216) is divided by 7?
3
Let s = 5 + 25. Let c(x) = x**2 + 67*x + 263. What is the remainder when s is divided by c(-63)?
8
Let l be ((-4)/(-10))/((-72)/180). Suppose -2*j - 3*j - 22 = -4*s, -5*s - 2*j = -11. Let i = s - l. What is the remainder when 15 is divided by i?
3
Let v(m) = 13*m + 7. Let q be 3 - (-1 + -1 - -3). Let n(g) = -27*g - 14. Let z(x) = q*n(x) + 5*v(x). Calculate the remainder when z(5) is divided by 16.
14
Suppose 0 = -w + 3*l - 34 + 360, -w + 5*l + 326 = 0. Calculate the remainder when w is divided by 69.
50
Suppose m + 12 = 4*m. What is the remainder when 16/2*(-22)/(-44) is divided by m?
0
Let s(f) = f**2 - 7*f + 10. Let b be s(5). Suppose b = 4*u - 18 - 178. What is the remainder when u is divided by 17?
15
Let g be 0/(-2) - 7/(-7). Let c be ((28 - g) + -1)*-1. Let r = c + 49. Calculate the remainder when r is divided by 8.
7
Let o(q) = -q**2 - 15*q + 5. Let i be o(-15). Let a = i + 8. Calculate the remainder when a is divided by 5.
3
Suppose 2*q - 3*o - 778 + 229 = 0, -2*q - 2*o + 534 = 0. What is the remainder when q is divided by 16?
14
Let c(b) = -2*b**2 + 17*b - 14. Let n(a) = a**3 - 7*a**2 - 9*a + 14. Let z be n(8). Calculate the remainder when 77 is divided by c(z).
13
Suppose 12 = 5*x - 2*x. Let o = 306 - 305. Calculate the remainder when x is divided by o.
0
Suppose 20 = -4*o, -5*r - o = 3*o + 30. Calculate the remainder when (-134)/10*(-7 - r) is divided by 17.
16
Suppose -8 = -x + 2*x - 4*k, -4 = -x + k. Calculate the remainder when 15 is divided by x.
7
Suppose 2*a - 4 = 12. Suppose -a*w + 259 = 19. What is the remainder when (2/2)/((-2)/(-114)) is divided by w?
27
Let c = 240 - 228. What is the remainder when 61 is divided by c?
1
Suppose -459 + 83 = -4*u - w, 4*w - 364 = -4*u. Calculate the remainder when u is divided by 29.
8
Suppose g - 14 = -5*q + 2*q, -4*g + 4*q = -104. Suppose 55 = 2*a - g. Suppose f - 15 = -l, 2*f - a = l - 6*l. Calculate the remainder when 22 is divided by f.
10
Suppose 11*y = 14*y - 5*q - 537, 4*y - 716 = q. What is the remainder when y is divided by 13?
10
Suppose 5*l + 1 = -5*g + 96, -3*g = 4*l - 74. Let u = -5 - -11. Calculate the remainder when l is divided by u.
5
Suppose -5*i + 195 = 5*y - y, 5*i - 185 = -2*y. Calculate the remainder when 127 is divided by i.
22
Suppose 16 - 2 = a. Let d = a + -12. Calculate the remainder when 6 is divided by d.
0
Let i(o) = -o**2 - 60*o - 167. Calculate the remainder when 178 is divided by i(-57).
2
Let y = 254 - 228. Calculate the remainder when 308/3 + 1/3 is divided by y.
25
Let j(c) = -15*c - 44. Calculate the remainder when j(-5) is divided by (-4 - -2)/(1/(-8)*2).
7
Let d = -156 - -164. Let m be (-2 + 4)/((-1)/(-1)). Suppose -z = -3, -y - 5*z + 22 = -m*z. What is the remainder when y is divided by d?
5
Let y(i) = -i**3 + 8*i - 5. Let n be y(-6). Suppose n*o = 166*o - 69. Calculate the remainder when 32 is divided by o.
9
Let c = -805 - -1105. What is the remainder when c is divided by 155?
145
Let j(d) = 3*d - 3*d**2 - 16*d**3 + 4*d**2 + 1 - 2*d. What is the remainder when j(-1) is divided by 9?
8
Calculate the remainder when 110 is divided by (-54)/(-4) + (-3)/(-24)*-4.
6
Suppose -4*w + 62 = 2. Let d be (8/(-12))/(2/(-9)). Suppose 0 = -d*u + 4 + 77. What is the remainder when u is divided by w?
12
Let a be (-544)/(-13) - (-22)/143. Suppose 5*c - a = -2. What is the remainder when 26 is divided by c?
2
Suppose -12 = 4*r, -2*r + 3*r - 